ase 7) to base 3
122221001202
Convert -454bd6 (base 15) to base 2.
-1100100111010100110001
Convert -2122011023 (base 4) to base 14.
-125dd9
-344a2 (base 13) to base 6
-2013035
Convert -49cb3 (base 13) to base 10.
-136191
What is -2020264 (base 8) in base 13?
-1585ab
563614 (base 16) to base 9
11561231
What is 170307 (base 12) in base 16?
604b7
Convert 304532205 (base 6) to base 9.
10820325
Convert 10117 (base 10) to base 2.
10011110000101
Convert 2665321 (base 7) to base 6.
11315331
What is -10021423 (base 5) in base 6?
-1412325
-13541254 (base 8) to base 7
-35022244
Convert 6490787 (base 10) to base 4.
120300222203
-303321123 (base 4) to base 5
-23300241
Convert -2e96f (base 16) to base 3.
-100200202211
What is -76820 (base 13) in base 7?
-1552220
baa35 (base 15) to base 14
11611b
Convert 21102220102022 (base 3) to base 4.
33011123201
Convert -13b39d (base 14) to base 3.
-1021202020201
Convert 305044 (base 7) to base 4.
30233020
-13500104 (base 8) to base 13
-829166
10100011100100000110 (base 2) to base 11
418393
444404323 (base 6) to base 15
a92383
Convert 2310530 (base 7) to base 2.
1000110011010000010
What is 1001111011111010111 (base 2) in base 12?
138507
Convert -c5697b (base 14) to base 6.
-354501133
What is 201212100222 (base 3) in base 4?
1133131211
21131244 (base 5) to base 7
1335152
17086 (base 12) to base 3
1200011210
What is -212100001102101 (base 3) in base 15?
-114e701
Convert 7788b (base 12) to base 13.
571bb
-54025453 (base 7) to base 10
-4595062
Convert 4852 (base 12) to base 10.
8126
-783993 (base 12) to base 9
-3536833
Convert 332200313 (base 4) to base 10.
256055
Convert 2021762 (base 8) to base 13.
158a99
6e071 (base 15) to base 3
122211121221
-1417068 (base 10) to base 5
-330321233
What is -2011200221 (base 3) in base 2?
-1010011100101001
What is -9d693 (base 15) in base 4?
-1322103330
What is 217051 (base 13) in base 4?
3000002200
What is -1011111111100110111 (base 2) in base 5?
-100034030
What is -6dd829 (base 15) in base 2?
-10100000100001100111001
What is -102253700 (base 8) in base 3?
-1012201110220201
Convert -a402c (base 16) to base 14.
-136b6c
What is -98559 (base 11) in base 4?
-202323232
-154a53 (base 11) to base 8
-726320
Convert -254232256 (base 7) to base 5.
-13114101210
What is a98904 (base 15) in base 16?
7b4444
-729005 (base 15) to base 4
-110301321113
What is -12126b (base 15) in base 10?
-864551
Convert -a6838a3 (base 11) to base 12.
-636a01a
Convert 1adeb0 (base 16) to base 3.
10022110120011
-108913 (base 10) to base 16
-1a971
5256102 (base 7) to base 14
127aa9
-2222222120101 (base 3) to base 13
-43a701
Convert 10111110000010101110 (base 2) to base 12.
31657a
What is 715771 (base 9) in base 3?
210112212101
Convert -159406 (base 11) to base 10.
-246725
-1150524 (base 8) to base 5
-40100412
Convert 1d7c3 (base 16) to base 3.
20010200000
What is -11f868 (base 16) in base 14?
-22929a
Convert -502d92 (base 16) to base 14.
-9aacca
Convert -5a196 (base 12) to base 7.
-1013256
-871659 (base 13) to base 5
-1303023211
Convert -12200173 (base 9) to base 8.
-26600500
Convert 11201002122 (base 3) to base 10.
92654
Convert 21747c (base 13) to base 4.
3000031221
Convert 32556140 (base 8) to base 5.
3243100412
Convert -453573b (base 12) to base 2.
-110010100101010011011111
What is 10011100110001001001110 (base 2) in base 11?
2999537
What is 81c2c5 (base 13) in base 16?
2e2b68
467019 (base 10) to base 2
1110010000001001011
What is 330671 (base 9) in base 11?
125327
3130245 (base 8) to base 2
11001011000010100101
-2ab999 (base 14) to base 8
-5541663
What is -f53e (base 16) in base 7?
-351016
-54527a (base 11) to base 5
-210331203
What is -2344231014 (base 5) in base 14?
-a2242c
Convert -55661 (base 8) to base 5.
-1222343
What is -5a596 (base 12) in base 6?
-2335510
What is -3198016 (base 12) in base 11?
-5345896
Convert 1174213 (base 8) to base 3.
121112212121
-10302024 (base 5) to base 12
-42958
What is 2065133 (base 7) in base 12?
101658
-143452 (base 13) to base 3
-221001002111
Convert -30284803 (base 9) to base 12.
-4a44670
What is 872a (base 16) in base 15?
a3bc
Convert -4006641 (base 7) to base 10.
-472977
-da5b5 (base 16) to base 9
-1612775
313334202 (base 5) to base 9
2414145
43715 (base 9) to base 7
150404
Convert -906a (base 15) to base 6.
-353031
-666320 (base 8) to base 9
-371814
Convert 1213551 (base 7) to base 5.
14424344
What is -1117421 (base 8) in base 13?
-a7b14
What is -7415a4 (base 12) in base 6?
-103055524
-481891 (base 11) to base 14
-15c483
Convert -32159c (base 13) to base 2.
-100011110101010011100
Convert -433033 (base 8) to base 14.
-3ab59
Convert 33c92 (base 14) to base 8.
366010
57726 (base 8) to base 13
b223
-2305767 (base 8) to base 10
-625655
49998 (base 11) to base 3
10122102000
-1324216 (base 7) to base 11
-109aa5
Convert -4013772 (base 10) to base 15.
-5443ec
Convert -440701 (base 9) to base 13.
-92935
2888828 (base 11) to base 7
60106346
5427151 (base 8) to base 7
15233054
What is -598290 (base 11) in base 4?
-3213130231
-1233302300 (base 5) to base 13
-81c044
91786 (base 13) to base 9
436347
Convert -581a56 (base 11) to base 8.
-3416471
What is 560641 (base 8) in base 7?
1414351
What is 103413605 (base 7) in base 6?
340351225
Convert -1001000011100011110 (base 2) to base 12.
-12387a
Convert 5104202 (base 6) to base 2.
111011000101001010
Convert 203899 (base 10) to base 11.
12a213
What is -19790 (base 15) in base 14?
-221dc
-21c035 (base 13) to base 16
-c2b73
Convert 11231002322 (base 5) to base 10.
12750337
1ca0ba (base 13) to base 6
23440032
745321 (base 8) to base 15
4d989
Convert 2345990 (base 12) to base 15.
8e831c
Convert 36149 (base 14) to base 5.
13210343
40210201 (base 5) to base 4
1031333002
-30650 (base 15) to base 5
-14401200
36d130 (base 15) to base 8
12010744
What is 30215262 (base 7) in base 14?
494269
-5ac9e (base 15) to base 2
-1000110101110111100
What is 4c51b (base 16) in base 8?
1142433
-2214244412 (base 5) to base 12
-1753576
What is -37998 (base 15) in base 13?
-62b3a
What is -400125 (base 7) in base 5?
-4123141
What is -bbca60 (base 14) in base 13?
-142208b
1000100011011001010011 (base 2) to base 13
606708
What is -320405 (base 7) in base 8?
-154200
Convert 1031876 (base 10) to base 16.
fbec4
What is -c23609 (base 13) in base 3?
-22111122121202
What is -220010110220 (base 3) in base 5?
-110144202
Convert 10100001010011111 (base 2) to base 8.
241237
What is 1063180 (base 10) in base 12?
433324
Convert 370d92 (base 15) to base 9.
4856272
Convert -201122021210 (base 3) to base 10.
-386580
What is 72222 (base 14) in base 12?
11305a
What is -5177012 (base 8) in base 12?
-5641a2
-14132357 (base 8) to base 16
-30b4ef
-110658 (base 9) to base 6
-1230125
-3542114 (base 6) to base 14
-4b354
What is 94ad (base 15) in base 11?
21690
301025354 (base 6) to base 12
185525a
What is 42640 (base 9) in base 6?
334400
11b632 (base 16) to base 2
100011011011000110010
Convert 17ffd1 (base 16) to base 10.
1572817
What is 201153 (base 6) in base 11?
10998
Convert 35189a (base 12) to base 6.
30141514
-10010100100000010 (base 2) to base 14
-1d9d0
19284 (base 13) to base 15
e6c0
What is -152200 (base 7) in base 16?
-739c
What is 2031130221 (base 4) in base 5?
122014434
Convert -b0250 (base 15) to base 4.
-2020011120
What is -6b533 (base 12) in base 7?
-1140234
What is 104412101 (base 5) in base 11?
299565
What is -21345526 (base 7) in base 13?
-4bc616
What is 3167394 (base 10) in base 12?
1088b96
1232304113 (base 5) to base 9
5586732
Convert 1881 (base 12) to base 6.
21441
What is -22332033100 (base 4) in base 3?
-12102010122011
-111011010000001100 (base 2) to base 15
-4bda0
-242423 (base 9) to base 8
-435341
Convert 263acc4 (base 13) to base 2.
101101101111100010110001
What is -10005012 (base 8) in base 13?
-586951
Convert 18f8b (base 16) to base 9.
165267
What is -387225 (base 9) in base 11?
-150557
-11010001111010001100 (base 2) to base 12
-355690
Convert 20221354 (base 7) to base 11.
a51816
Convert 164604 (base 7) to base 8.
100163
Convert -dd791 (base 16) to base 13.
-259ba0
What is 10672505 (base 10) in base 3?
202002012220222
Convert -110001110011100110 (base 2) to base 6.
-4212250
What is 1100101100010000 (base 2) in base 16?
cb10
What is 2020310122 (base 5) in base 6?
2231422